= 9 + y. List the prime factors of i.
2
Let d = -25 - -36. What are the prime factors of d?
11
Suppose -4*l = 4*n - 260, 0 = 5*l - 3*n - 0*n - 357. List the prime factors of l.
3, 23
Let r(t) = t**3 - 3*t**2 + t - 1. Let c be r(3). Let l = -10 - -14. Let i = l - c. What are the prime factors of i?
2
Suppose 123 - 19 = -8*b. Let m(d) = -d**3 - 13*d**2 - 2*d - 2. List the prime factors of m(b).
2, 3
Let p(t) be the first derivative of -t**3/3 + 4*t**2 - t + 3. Let g(a) = a**2 + 4*a + 1. Let l be g(-5). What are the prime factors of p(l)?
11
Let n be (-58)/(-12) - 2/(-12). Suppose n*q - q = 56. What are the prime factors of q?
2, 7
Let l = 2 - 1. Let w = 18 + -16. Suppose -w*v = l - 7. List the prime factors of v.
3
Let j(h) = h**3 - 9*h**2 + 10*h + 1. Suppose -2*r - q + 17 = 0, 0*q - 11 = -2*r + 5*q. List the prime factors of j(r).
17
Let x = 47 - -33. What are the prime factors of x?
2, 5
Let g(n) = 24*n + 3. What are the prime factors of g(2)?
3, 17
Let r(i) = i**3 + 6*i**2 - 8*i + 4. Suppose 0 = -3*h - 5 - 16. Let k be r(h). Suppose -4*q = -k - 1. What are the prime factors of q?
3
What are the prime factors of (9 + 51)*(-6)/(-8)?
3, 5
Let d = 65 + -22. What are the prime factors of d?
43
Let c = -12 - -8. Let p be (1 + 2/c)*10. Suppose 5*n - 25 = -5*j, 55 = 3*n - 4*j + p. What are the prime factors of n?
2, 5
Suppose s + 15 = 4*d, 5*s + 0*s = -2*d + 35. Let u be (-1)/(0 - -4)*-4. What are the prime factors of 48/(d + -2) - u?
3, 5
Let d(b) be the third derivative of b**6/120 + b**5/12 - b**4/8 - b**3/3 + b**2. List the prime factors of d(-4).
2, 13
List the prime factors of 119 + 1/3*0.
7, 17
List the prime factors of (4 - 3) + 1/((-4)/(-768)).
193
Suppose 0 = -3*s + s + 6. Suppose 0 = 2*k - s*u - 13, k = 4*k - 2*u - 17. What are the prime factors of k?
5
What are the prime factors of 32/(6/8*(-34)/(-255))?
2, 5
Let f = -10 + 83. Suppose -3*c = 5*r - f - 2, -3*c + r + 75 = 0. What are the prime factors of c?
5
Suppose 0 = 4*x - u - 230, -4*x - 5*u = -x - 161. What are the prime factors of x?
3, 19
Let y(v) = v**2 - 3*v - 8. Let z be y(7). Suppose 2*q + 6 = -5*r + 35, -5*q = 2*r - z. Suppose q = -b + 10. List the prime factors of b.
2
Let v = -52 - -92. List the prime factors of v.
2, 5
Suppose 4*u - 912 = 4*i, -2*i - i + 678 = 3*u. List the prime factors of u.
227
Suppose -4*u = -6*u + 6. Suppose -4*o + 2*d = u*d - 59, d = o - 11. List the prime factors of o.
2, 7
Let x = 15 + -13. List the prime factors of x.
2
Suppose -3*w + 14 + 40 = 0. Let x = w - 11. What are the prime factors of x?
7
What are the prime factors of (-5)/25 + 5405/25?
2, 3
Let m(i) be the third derivative of i**6/120 - i**5/12 + i**4/12 + i**3/3 + i**2. List the prime factors of m(5).
2, 3
Suppose 3*z = -z + 44. What are the prime factors of z?
11
Suppose -6*w = 3*i - 2*w - 185, -4*w = 2*i - 118. Suppose 5*f = i - 207. Let u = -16 - f. List the prime factors of u.
2, 3
Let a(l) = -l**2 + 11*l + 18. List the prime factors of a(9).
2, 3
What are the prime factors of ((-39)/(-52))/(1/76)?
3, 19
Suppose n = -45 - 5. Let r = -34 - n. List the prime factors of r.
2
What are the prime factors of (-45)/((-7 - -3) + 3)?
3, 5
Suppose 2*u + 2*h = 6*h + 20, 3*h + 15 = 0. Suppose 2*x = -3*i + 15, u*x - 4*x + 54 = -2*i. What are the prime factors of x?
2, 3
Suppose 3*f = -2*f - z - 18, 2*z = -f - 9. List the prime factors of f/(6/(-2)) - -2.
3
Let g = -1 + 1. Let k(j) be the first derivative of j**3/3 + j**2/2 + 11*j - 3. List the prime factors of k(g).
11
Let j(i) = i**3 + 15*i**2 + 15*i + 16. Let v be j(-14). What are the prime factors of 1708/77 + v/(-11)?
2, 11
Let h(a) = 3*a - 4. Let s(q) = -2*q + 4. Let z(f) = 3*h(f) + 4*s(f). What are the prime factors of z(4)?
2
Let j(d) = 49*d - 1. List the prime factors of j(1).
2, 3
Let u(x) = 26*x + 8. List the prime factors of u(2).
2, 3, 5
What are the prime factors of 2/(-1)*206/(-4)?
103
Suppose 22 = 2*b - 20. Suppose u - 4*n - 23 = -6, -2*n = -3*u + b. Suppose -2*p - 54 = -u*i - p, 0 = i - 2*p - 9. List the prime factors of i.
11
Let i = -13 + 11. List the prime factors of ((-12)/(-16))/(i/(-72)).
3
Let x(q) = q**2 + 9*q + 2. What are the prime factors of x(8)?
2, 3, 23
Let y = -18 + 10. Let c(m) = 3*m - 1. Let n be c(-1). Let d = n - y. What are the prime factors of d?
2
Suppose 3*w - 7 = -3*z + 17, 2*z = 2*w + 36. Suppose 63 = 3*m + 2*o + z, 18 = m + o. What are the prime factors of m?
2, 7
Let o(c) = -c**2 + 7*c + 7. Let w be o(8). Let g = w - -12. What are the prime factors of g?
11
Let m(o) = 6*o - 13. List the prime factors of m(4).
11
Suppose 0 = -n - 2*y + 71 + 60, y - 274 = -2*n. What are the prime factors of n?
139
Let m(s) = -2*s + 18. What are the prime factors of m(-15)?
2, 3
Suppose 0 = -2*v + 4*p + 24, -v + 20 = -0*p + 2*p. What are the prime factors of v?
2
Let t = -22 - -10. What are the prime factors of t/42 - 144/(-14)?
2, 5
Let m(x) = 9*x. What are the prime factors of m(1)?
3
Let h = 3 + -1. Suppose 3*u + h*u = 70. What are the prime factors of u?
2, 7
Let f(m) be the second derivative of 0 + 1/2*m**2 - 2*m + 7/6*m**3. List the prime factors of f(2).
3, 5
Let l = 8 + -6. Suppose -4*k - l*o + 22 = -32, 4*o = -2*k + 36. List the prime factors of k.
2, 3
Let w = -1 - -25. List the prime factors of (-384)/(-10) - w/60.
2, 19
Let m = 11 + -17. Let d = -9 + 3. What are the prime factors of d*15/m - -3?
2, 3
Let w = -2 + 1. Let r(p) = p**3 - 5*p**2 - p. Let g(z) = 4*z**3 - 14*z**2 - 3*z. Let d(f) = -4*g(f) + 11*r(f). What are the prime factors of d(w)?
5
Let k be 5*-2*(-1)/2. Let s = 8 - k. What are the prime factors of s?
3
Suppose 3*r - 71 - 220 = 0. List the prime factors of r.
97
Suppose 0 = -3*f - 3*t + 54, -3*f + 30 = -3*t - 0*t. What are the prime factors of f?
2, 7
Let n(s) = -10*s + 10*s**2 + 4 + 1 - 2 - s**3 - 2*s. List the prime factors of n(8).
5, 7
List the prime factors of 2*(-2)/(-4) + 10.
11
Let t = -2 + 6. Suppose 4 = -p + 5, t*p = 4*v + 16. What are the prime factors of 1/(-2 - 7/v)?
3
Let c = -41 + 23. What are the prime factors of ((-12)/c)/(2/9)?
3
Let g(p) = -p + 3 - 2 - 2*p + 2*p**2. Let d = -4 - -6. List the prime factors of g(d).
3
Let k = 211 + -73. What are the prime factors of k?
2, 3, 23
Suppose -4 = 2*z + 2*z - 4*n, -3*n = -z - 5. List the prime factors of z/5 + (-222)/(-15).
3, 5
List the prime factors of (-1*10)/(6/(-15)).
5
Suppose -3*c = -7*c. List the prime factors of 2 + (1 - c) + 2.
5
Let q be (1 + (-20)/(-6))*-3. Let u = -11 + 8. Let g = u - q. List the prime factors of g.
2, 5
Let o be (-30)/(-12) + 2/4. Suppose y = o*y - 4. List the prime factors of (-338)/(-18) - y/(-9).
19
Let y(x) = -x - 1. Let h(q) = q**2 - q + 1. Let s(b) = h(b) - 2*y(b). Let f be s(3). Suppose w + 2*w - f = -5*k, -5*k + 25 = 4*w. List the prime factors of w.
2, 5
Let s = -28 - -36. What are the prime factors of s?
2
Let b(q) = -q**2 + 4*q - 1. Let k be b(3). Let a be 3*(-1)/k*-2. List the prime factors of a/((-1)/((-12)/9)).
2
List the prime factors of 4/(-22) - 963/(-33).
29
Let a = 12 - 12. Suppose 0 = 5*p + 15, q - 33 = -a*q + p. List the prime factors of q.
2, 3, 5
List the prime factors of ((-1859)/(-22))/((-1)/(-2)).
13
Suppose -f - 52 + 181 = -4*k, k = -2. What are the prime factors of f?
11
Let f = 14 + -10. Let u = 6 - f. What are the prime factors of u/(-6) + 37/3?
2, 3
Suppose -5*j + 9 = -1. Suppose 15 = 5*u + j*f, 2*f = 2*u - 5 - 15. Let d = -3 + u. List the prime factors of d.
2
Let x(g) = 3*g**2 - 9*g + 14. List the prime factors of x(8).
2, 67
Let t(k) = 0*k + 1 + 8*k**2 + k - 7*k**2. What are the prime factors of t(-2)?
3
Let m(u) = 13*u - 4. List the prime factors of m(23).
5, 59
Let l be 21/(-24)*6*-12. Suppose 2*z = -z + l. Let m = z + -6. List the prime factors of m.
3, 5
Let i(v) = v**3 + 2*v**2 + 2. Let w be i(-2). Suppose w*h = 7 + 11. What are the prime factors of h?
3
Let t(z) = 1 + 3*z**2 - 2*z**2 + 2*z**2 + 0. Let q be t(2). Suppose -4*m - q = -5*m. What are the prime factors of m?
13
Suppose -38 = 2*v - 146. Suppose k = -4*y + v, 3*y + k + 2*k = 45. List the prime factors of y.
13
Let g be 1/((-42)/15 - -3). Let n = 22 + g. List the prime factors of n.
3
Suppose 2*s - s = j - 53, 0 = j - 2*s - 50. What are the prime factors of j?
2, 7
Let a be 6/(-1) + 3 - -6. Let z(g) = 5*g - 